 multiple of 152?
False
Is 12 a factor of 6096?
True
Is 66 a factor of 2336?
False
Is 6 a factor of 654?
True
Does 23 divide 2325?
False
Does 40 divide 5760?
True
Does 100 divide 1400?
True
Is 1161 a multiple of 43?
True
Is 2244 a multiple of 34?
True
Is 13 a factor of 113?
False
Does 13 divide 34099?
True
Is 8 a factor of 8056?
True
Is 4774 a multiple of 22?
True
Is 278 a multiple of 2?
True
Is 65 a factor of 2838?
False
Is 13 a factor of 3346?
False
Does 2 divide 313?
False
Is 14 a factor of 8725?
False
Is 55 a factor of 1045?
True
Is 2093 a multiple of 25?
False
Is 2531 a multiple of 29?
False
Is 95 a factor of 190?
True
Is 15598 a multiple of 11?
True
Does 38 divide 646?
True
Is 33 a factor of 5319?
False
Does 13 divide 364?
True
Is 658 a multiple of 5?
False
Is 47 a factor of 2397?
True
Is 12 a factor of 1500?
True
Is 5766 a multiple of 50?
False
Is 156 a factor of 7705?
False
Is 49752 a multiple of 87?
False
Does 15 divide 6764?
False
Is 4652 a multiple of 4?
True
Is 19 a factor of 6916?
True
Is 9 a factor of 1682?
False
Is 28 a factor of 2083?
False
Is 11563 a multiple of 23?
False
Does 35 divide 2124?
False
Does 22 divide 93610?
True
Is 561 a multiple of 17?
True
Is 1482 a multiple of 39?
True
Is 35 a factor of 12635?
True
Does 4 divide 44?
True
Is 98 a factor of 2652?
False
Does 2 divide 24?
True
Does 3 divide 507?
True
Does 12 divide 14775?
False
Is 138684 a multiple of 254?
True
Does 23 divide 963?
False
Does 113 divide 3616?
True
Is 229 a factor of 80057?
False
Is 8 a factor of 6856?
True
Is 19 a factor of 16245?
True
Is 61 a factor of 14213?
True
Is 186 a multiple of 4?
False
Is 78 a multiple of 26?
True
Does 39 divide 41112?
False
Does 38 divide 45715?
False
Does 32 divide 1536?
True
Is 6 a factor of 90?
True
Is 139 a factor of 6116?
True
Does 32 divide 4199?
False
Does 17 divide 1822?
False
Is 224 a multiple of 32?
True
Is 48 a factor of 1008?
True
Does 14 divide 45105?
False
Does 42 divide 714?
True
Is 665 a multiple of 18?
False
Is 48387 a multiple of 89?
False
Is 7 a factor of 1351?
True
Does 103 divide 6518?
False
Does 436 divide 140260?
False
Is 2 a factor of 2312?
True
Is 13350 a multiple of 15?
True
Does 34 divide 2584?
True
Is 49047 a multiple of 121?
False
Is 8820 a multiple of 15?
True
Is 57 a factor of 1467?
False
Is 829 a multiple of 8?
False
Does 41 divide 425?
False
Is 37 a factor of 2344?
False
Is 53816 a multiple of 56?
True
Is 305 a multiple of 61?
True
Is 12 a factor of 37538?
False
Is 213 a multiple of 73?
False
Is 13 a factor of 10065?
False
Is 23 a factor of 3089?
False
Is 180 a multiple of 48?
False
Does 40 divide 1438?
False
Is 966 even?
True
Is 15 a factor of 5384?
False
Is 294 a multiple of 14?
True
Is 4 a factor of 60?
True
Is 4359 a multiple of 68?
False
Does 19 divide 129695?
False
Is 3397 a multiple of 98?
False
Is 34 a factor of 43001?
False
Does 186 divide 11532?
True
Does 9 divide 337?
False
Is 62 a factor of 8250?
False
Is 36066 a multiple of 231?
False
Is 180 a multiple of 10?
True
Does 32 divide 1832?
False
Is 10713 a multiple of 13?
False
Does 12 divide 21540?
True
Does 9 divide 540?
True
Is 121 a factor of 23885?
False
Is 15147 a multiple of 33?
True
Is 90 a factor of 121?
False
Is 44251 a multiple of 76?
False
Is 155 a factor of 775?
True
Does 13 divide 31824?
True
Is 6 a factor of 1171?
False
Is 29 a factor of 368?
False
Is 2652 a multiple of 12?
True
Does 80 divide 6164?
False
Does 6 divide 13392?
True
Is 13 a factor of 32136?
True
Does 8 divide 377?
False
Is 10760 a multiple of 10?
True
Is 2994 a multiple of 104?
False
Does 129 divide 510?
False
Is 18 a factor of 79?
False
Is 15624 a multiple of 372?
True
Is 26 a factor of 4984?
False
Is 1775 a multiple of 20?
False
Is 48 a factor of 38688?
True
Does 17 divide 352?
False
Is 16584 a multiple of 8?
True
Is 15 a factor of 467?
False
Does 25 divide 1398?
False
Does 21 divide 367?
False
Is 165 a multiple of 70?
False
Does 15 divide 14955?
True
Is 23058 a multiple of 14?
True
Is 338 a multiple of 24?
False
Is 931 a multiple of 15?
False
Does 29 divide 87?
True
Is 995 a multiple of 9?
False
Is 1020 a multiple of 2?
True
Is 27 a factor of 1593?
True
Is 20 a factor of 900?
True
Is 778 a multiple of 14?
False
Does 15 divide 2331?
False
Does 33 divide 1617?
True
Is 257 a factor of 12515?
False
Is 8171 a multiple of 5?
False
Is 4 a factor of 117?
False
Does 33 divide 1782?
True
Is 45 a factor of 5985?
True
Is 9 a factor of 648?
True
Does 29 divide 5380?
False
Does 2 divide 27?
False
Is 28741 a multiple of 232?
False
Is 2166 a multiple of 3?
True
Is 58238 a multiple of 4?
False
Is 7 a factor of 19?
False
Is 47289 a multiple of 35?
False
Is 1429 a multiple of 39?
False
Is 2448 a multiple of 12?
True
Is 7 a factor of 669?
False
Does 52 divide 936?
True
Is 19 a factor of 836?
True
Is 35 a factor of 140?
True
Does 88 divide 5580?
False
Is 7513 a multiple of 98?
False
Is 78036 a multiple of 69?
False
Is 37 a factor of 63022?
False
Is 5977 a multiple of 3?
False
Is 3330 a multiple of 206?
False
Is 672 a multiple of 6?
True
Is 44 a factor of 1842?
False
Is 9 a factor of 316?
False
Is 14 a factor of 95994?
False
Is 29 a factor of 2756?
False
Does 6 divide 124?
False
Does 85 divide 8245?
True
Is 71 a factor of 318?
False
Is 65 a factor of 24895?
True
Is 2252 a multiple of 16?
False
Does 15 divide 9281?
False
Does 25 divide 37325?
True
Is 80 a factor of 7200?
True
Is 2566 a multiple of 36?
False
Does 84 divide 15120?
True
Is 30 a factor of 180?
True
Is 34 a factor of 12478?
True
Is 78 a factor of 6942?
True
Does 7 divide 602?
True
Does 6 divide 352?
False
Is 12 a factor of 1002?
False
Does 15 divide 25333?
False
Does 27 divide 1945?
False
Is 516 a multiple of 21?
False
Does 8 divide 7265?
False
Is 97 a multiple of 28?
False
Does 4 divide 17415?
False
Is 45920 a multiple of 56?
True
Does 7 divide 364?
True
Is 31 a factor of 13547?
True
Does 18 divide 2250?
True
Is 153 a factor of 16286?
False
Is 16 a factor of 2464?
True
Is 14 a factor of 18?
False
Is 21828 a multiple of 107?
True
Does 33 divide 184?
False
Is 14310 a multiple of 90?
True
Is 1092 a multiple of 42?
True
Is 40 a factor of 1408?
False
Does 3 divide 1427?
False
Does 37 divide 2126?
False
Is 253 a multiple of 23?
True
Is 1404 a multiple of 13?
True
Is 1692 a multiple of 94?
True
Is 944 a multiple of 59?
True
Does 58 divide 1146?
False
Does 22 divide 585?
False
Does 16 divide 25550?
False
Does 9 divide 738?
True
Is 73 a factor of 88330?
True
Does 12 divide 9036?
True
Does 79 divide 1888?
False
Is 124 a multiple of 11?
False
Is 84 a multiple of 4?
True
Is 48 a factor of 5333?
False
Does 2 divide 12?
True
Is 5473 a multiple of 78?
False
Is 6185 a multiple of 7?
False
Is 6216 a multiple of 37?
True
Is 32 a factor of 2904?
False
Is 15 a factor of 3540?
True
Is 704 a multiple of 64?
True
Is 42 a factor of 4368?
True
Does 2 divide 778?
True
Is 20496 a multiple of 23?
False
Does 25 divide 30100?
True
Does 13 divide 14627?
False
Does 9 divide 20644?
False
Is 391 a multiple of 23?
True
Is 2 a factor of 1251?
False
Is 62 a factor of 116932?
True
Is 12 a factor of 1128?
True
Is 36351 a multiple of 35?
False
Is 439 a multiple of 4?
False
Does 55 divide 1540?
True
Is 730 a multiple of 18?
False
Is 24 a factor of 492?
False
Is 21 a multiple of 3?
True
Is 649 a multiple of 39?
False
Is 58 a factor of 8468?
True
Does 40 divide 1207?
False
Is 352 even?
True
Does 52 divide 698?
False
Does 5 divide 28165?
True
Is 14 a factor of 302?
False
Does 11 divide 561?
True
Is 13 a factor of 82927?
True
Does 66 divide 924?
True
Is 40 a factor of 1548?
False
Is 16339 a multiple of 6?
False
Is 18 a factor of 1530?
True
Is 995 a multiple of 15?
False
Is 16834 a multiple of 28?
False
Is 2 a factor of 1699?
False
Is 4216 a multiple of 8?
True
Does 7 divide 132?
False
Does 110 divide 2863?
False
Does 21 divide 105?
True
Is 2069 a multiple of 11?
False
Is 1488 a multiple of 31?
True
Does 32 divide 65?
False
Is 2240 a multiple of 28?
True
Does 6 divide 8058?
True
Does 204 divide 816?
True
Does 29 divide 181?
False
Is 936 a multiple of 4?
True
Is 480 a multiple of 15?
True
Does 10 divide 15097?
False
Is 6775 a multiple of 35?
False
Does 12 divide 145?
False
Is 27 a factor of 297?
True
Does 110 divide 714?
False
Is 1940 a multiple of 3?